. Suppose -5*n + 2*l = -21, 0*n - 2*n + 4*l + i = 0. What are the prime factors of n?
5
Let z be 2/7 - 732/(-84). Let v be -2 + z + (1 - 0). Suppose 5*g - 3*j = v + 3, 3*g + 2*j - 18 = 0. List the prime factors of g.
2
Let f(m) be the second derivative of -m**3/3 - 2*m**2 + 4*m. Let d = 10 - 16. What are the prime factors of f(d)?
2
Let h(m) = 12*m**2 - 4*m + 2. List the prime factors of h(3).
2, 7
Let z(l) = 2*l**3 - 3*l**2 - 11*l + 6. List the prime factors of z(4).
2, 3, 7
Suppose -n + u + 184 = -4*u, u - 184 = -n. What are the prime factors of n?
2, 23
Suppose 5*y + 5*v - 205 = 0, -y - 4*v + 42 = -2*v. List the prime factors of y.
2, 5
Let d(o) = -o**3 + 6*o**2 + 8*o + 2. What are the prime factors of d(6)?
2, 5
Suppose 3*t = 56 - 23. What are the prime factors of t?
11
Let l = -8 - -15. Suppose i - 6*w = -w + 29, 0 = 4*i - 3*w - 31. Let y = l - i. What are the prime factors of y?
3
Let t(c) = -c**3 + c**2 + c - 1. Let l(b) = 4*b**3 + 8*b**2 - 14*b + 19. Let g(o) = l(o) + 3*t(o). List the prime factors of g(-12).
2
Suppose -4*v + 15 + 1 = 0. Suppose -5*c = -c + 5*j - 31, -v*c + 3*j = -7. Suppose -a + c*a - 12 = 0. What are the prime factors of a?
2
Suppose 0 = 3*v + 4*a - 6*a - 137, -v + 3*a = -55. What are the prime factors of v?
43
Suppose -233 = -11*s + 64. List the prime factors of s.
3
Let y = -2 - 1. List the prime factors of (y - -9)/3 + 12.
2, 7
Let y(d) = d**3 + d**2 + d - 2. Let t be y(2). What are the prime factors of (80/t)/((-3)/(-9))?
2, 5
Suppose -4*u + 4*a + 20 = 0, 22 = -u + 3*u + 2*a. Suppose 3*z - 2*g - 14 = z, 2*g = -6. Let p = u + z. List the prime factors of p.
2, 3
Suppose 0 = -5*s + 21 + 4. Suppose -s*p + p = -12. List the prime factors of (-1 - -2) + 12/p.
5
Let c = -2 - 0. List the prime factors of (1 - 57/6)*c.
17
Suppose 0*x + 3*x - 150 = 0. Let v = 4 + -37. Let i = v + x. What are the prime factors of i?
17
Let s(q) = 19 + 4 + q**2 - 2 - 10*q. What are the prime factors of s(9)?
2, 3
Let h(m) = m**2 + 7*m + 11. Let k(o) = o**3 + o**2 - 4. Let v be k(-2). What are the prime factors of h(v)?
19
Let i = -4 + 6. Suppose i*n - 13 - 18 = -m, -n + m + 11 = 0. List the prime factors of n.
2, 7
Suppose 2*l - 2 = -0. List the prime factors of l + 1 + 9 - 0.
11
Suppose 5*r + 0*r = 60. Let v = r + 2. What are the prime factors of v?
2, 7
Let o(l) = -l**3 + 8*l**2 - 6*l + 4. List the prime factors of o(7).
11
Suppose 4*l - p - 3 = 0, 4*p + 1 = l + 19. What are the prime factors of 45/6 + (-1)/l?
7
Suppose -4*z = 5*m - 20, m = 3*z - 6*z + 26. What are the prime factors of z?
2, 5
Let g(y) be the first derivative of -y**5/60 + 5*y**4/24 + y**3/2 - 3*y**2/2 + 2. Let o(s) be the second derivative of g(s). What are the prime factors of o(5)?
3
Suppose 3*b + 2*r + 1 = 0, -b + 3*b - 2 = -4*r. Let h(j) = -14*j**3 - 2*j - 1. What are the prime factors of h(b)?
3, 5
Let n = -663 - -959. What are the prime factors of n?
2, 37
Suppose -m + 5*y = -37, 2*m = -5*y + 24 + 5. List the prime factors of m.
2, 11
Suppose -4*y + 618 = -y - 3*t, 0 = 2*y - 3*t - 414. Suppose y + 216 = 7*g. List the prime factors of g.
2, 3, 5
Let i = -10 + 14. Suppose 8 = -i*q, -4 = 5*y - 2*y + 2*q. Suppose 2*l - 10 = -y*l. List the prime factors of l.
5
Let n be 3/9 + (-50)/(-3). Let u = n - 7. Suppose -20 + 3 = -4*a - 3*z, 5*z = a - u. What are the prime factors of a?
5
Suppose j = -0*j - 4*f + 5, -3*j + 15 = 2*f. Suppose 4*c - 4*v = 92, 3*c - 67 = -0*c + j*v. What are the prime factors of c?
2, 3
Let q(t) = -t + 1. Suppose 4 + 0 = -4*u. Let a = u - 5. List the prime factors of q(a).
7
Suppose -2*p = -7*p + 25. Let y(s) = -3 - p*s**2 + s + s**3 + s**3 - s**3. What are the prime factors of y(5)?
2
Let m(c) be the third derivative of c**4/4 - 4*c**3/3 + 4*c**2. List the prime factors of m(6).
2, 7
What are the prime factors of 4/((-4)/(-4)) + -4 + 252?
2, 3, 7
Let l(n) = -n**2 - 2*n. Let v be l(3). Let m = -27 - v. What are the prime factors of m/(-5) + (-6)/15?
2
Suppose 0*q = -q + 3*u + 27, -2*q = -3*u - 42. Suppose 5*r = q, 4*r + 12 - 27 = -z. Suppose z*v = 12, 1 = i - 5*v + 12. List the prime factors of i.
3
Suppose -5*u = -10*u + 40. Suppose u = -6*f + 7*f. List the prime factors of f.
2
Let b = 7 - 1. Let n be (-1)/(-2) - (-25)/(-10). Let u = n + b. List the prime factors of u.
2
Let n(x) be the second derivative of -x**4/12 - 2*x. Let u be n(1). Let i = u - -3. List the prime factors of i.
2
Let l(c) = 12*c**2 - 10*c + 20. What are the prime factors of l(4)?
2, 43
Suppose -3 = -4*z + 5, 4*u - 5*z + 38 = 0. Let n = u - -28. List the prime factors of n.
3, 7
Let x(q) = q**3 + 4*q**2 - q + 1. Suppose 4*d = -3*a - 14 + 6, -3*d - 4*a = 6. What are the prime factors of x(d)?
11
List the prime factors of 65 - 4/(16/(-12)).
2, 17
Let c = 18 + -14. What are the prime factors of c?
2
Let d = 288 - -46. List the prime factors of d.
2, 167
Let g(i) = i**3 - 5*i**2 + 5*i. Let j be g(4). Suppose j*n = 2*n - 8. What are the prime factors of 1*2/n*-26?
13
Suppose 2*s = s - 4*a - 8, -2*a = 3*s - 6. List the prime factors of 36/15*10/s.
2, 3
Let q(y) = 41*y**2 + 2*y + 2. Let r = 11 - 12. What are the prime factors of q(r)?
41
List the prime factors of (-835)/(-7) + 0 + 6/(-21).
7, 17
Let w(d) = 13*d + 1. What are the prime factors of w(5)?
2, 3, 11
Let z(w) = -4*w**3 - 4*w + 0 - 2 - 6*w**2 + w + 3*w**3. Let n be z(-5). Let y = n + 25. List the prime factors of y.
13
Let u(r) = -r**2 - 7*r - 7. Let a be u(-5). List the prime factors of -3*-3*a/3.
3
Let i = -6 - -9. Let m(u) = -4*u + 2. Let z be m(i). Let r = z + 19. List the prime factors of r.
3
Let s(f) = f**3 - 3*f**2 + f + 3. Let k be s(3). Suppose k*h = 5*h. Let v(n) = -n + 3. What are the prime factors of v(h)?
3
Suppose 0*b + 5*b = 10. Suppose 7*r - 3*f - 27 = 2*r, b*r + 5*f = -14. Suppose -2*s + 14 = -2*h - 0*h, 2*h + 19 = r*s. List the prime factors of s.
5
Let q = 1 + 2. Suppose 2*a - 5*b - 31 = -2*b, -3*a + q*b = -42. What are the prime factors of a?
11
Suppose -5*z + 56 = 3*t, 4*t = -z - 14 + 66. List the prime factors of t.
2, 3
Let b(p) = -p**2 - 8*p + 13. Let t be b(-9). Suppose 2*k + 2*k = -o + 1, -4*k = -4*o + t. List the prime factors of o - 7/((-21)/18).
7
Let l = 4 + -1. Let j be (-8)/(-6)*l/2. What are the prime factors of (85/10)/(1/j)?
17
Suppose -2*k + 30 = 3*y, 3*k + y = -y + 55. Suppose 0 = 2*q - 4*r + 14, -r + 4*r - k = -2*q. What are the prime factors of q?
3
Suppose -2*i + 217 = -t, -4*t + 222 = -0*i + 2*i. List the prime factors of i.
109
Let k be 13/(-4) + (-1)/(-4). Let b(a) = -2*a - 2. List the prime factors of b(k).
2
Suppose -m - 11 = -14. What are the prime factors of (1 - -38)*2/m?
2, 13
Let v = -18 + 21. List the prime factors of v - 5 - (-76)/2.
2, 3
Let z be (-6)/18 + (-4)/(-3). Let y = z - 3. List the prime factors of (-5)/y*(-2)/(-1).
5
Suppose -372 = -10*v - 132. List the prime factors of v.
2, 3
Suppose 0 = 2*y - 0*y + 5*b - 47, 51 = y - 3*b. List the prime factors of y.
2, 3
List the prime factors of 7*((-170)/7)/(-5).
2, 17
Suppose -3*w + 9 + 15 = 0. Suppose -6 = -t + w. Let r = -9 + t. What are the prime factors of r?
5
Let p(g) = -3 - 2*g**2 - 6*g + 0 + 0 + g**2. Let y be p(-5). Let s = y - -3. What are the prime factors of s?
5
Let z = 115 - 116. Suppose 2*j = 2*f - 2*j + 10, 4*f + 2*j - 20 = 0. Let y = f - z. What are the prime factors of y?
2
Suppose -4*i + 2*i = 32. Let k be ((-1)/2)/(8/i). What are the prime factors of (-22)/(-6) - k/(-3)?
2
Suppose 0 = -0*g - g + 3. Let k = g - 3. Suppose 0 = -5*x - k*x + 45. What are the prime factors of x?
3
Let w = -7 + 10. Suppose -2*v - 42 = -4*a, -w*a - 3*v - 1 = -28. What are the prime factors of a?
2, 5
Let f = 17 - -78. Let l = 185 - f. Suppose 0 = y - 6*y + l. List the prime factors of y.
2, 3
Suppose 15 = 2*j + 3. Suppose -2*a - 15 = -5*a. Suppose a*s + 4*w + j = 0, -1 - 3 = 2*s + 2*w. List the prime factors of s.
2
Let d = 7 + -5. Suppose -2*x = -7*x + 3*j + 65, -4*x + 30 = d*j. What are the prime factors of x?
2, 5
Let g = 8 - 4. Suppose -g*m + 17 = 1. Suppose m*f = 4*k - 0*f - 64, k - 2*f = 21. List the prime factors of k.
11
Suppose 0 = -3*j - 0*j - 12. Let q(k) = -k**2 - 5*k - 2. Let l(w) = w**2 + 4*w + 2. Let a(u) = 4*l(u) + 3*q(u). List the prime factors of a(j).
2, 7
Let h be (-3 - -6)/(6/88). Suppose 4*z - 5*u - h